ple of 27?
False
Is 312 a multiple of 4?
True
Is 22 a factor of 300?
False
Is 59 a factor of 3776?
True
Is 150 a multiple of 8?
False
Is 294 a multiple of 7?
True
Is 7 a factor of 287?
True
Is 1082 a multiple of 32?
False
Is 774 a multiple of 7?
False
Does 13 divide 32786?
True
Is 5110 a multiple of 35?
True
Is 12855 a multiple of 15?
True
Does 22 divide 3190?
True
Does 23 divide 6878?
False
Is 120 a factor of 1440?
True
Is 7 a factor of 18865?
True
Does 81 divide 37531?
False
Does 34 divide 840?
False
Is 15 a factor of 67320?
True
Is 263 a factor of 117561?
True
Is 9086 a multiple of 31?
False
Is 2 a factor of 296?
True
Is 24 a multiple of 4?
True
Is 16 a factor of 927?
False
Does 26 divide 9542?
True
Is 28 a factor of 131034?
False
Is 65 a factor of 19110?
True
Is 210 a multiple of 42?
True
Is 34 a factor of 23596?
True
Is 9693 a multiple of 177?
False
Does 20 divide 8121?
False
Is 252 a multiple of 35?
False
Is 12 a factor of 42154?
False
Is 8262 a multiple of 3?
True
Is 42 a factor of 10290?
True
Does 143 divide 39039?
True
Is 402 a factor of 36984?
True
Is 696 a multiple of 13?
False
Does 21 divide 21?
True
Does 22 divide 10970?
False
Is 1275 a multiple of 85?
True
Is 3280 a multiple of 10?
True
Does 4 divide 605?
False
Is 40768 a multiple of 32?
True
Does 9 divide 162?
True
Is 19476 a multiple of 12?
True
Is 5016 a multiple of 79?
False
Is 525 a multiple of 17?
False
Is 4063 a multiple of 21?
False
Does 27 divide 156?
False
Is 68 a multiple of 10?
False
Is 131 a factor of 2227?
True
Is 70 a factor of 5744?
False
Does 18 divide 90?
True
Does 10 divide 46?
False
Is 41392 a multiple of 16?
True
Does 4 divide 796?
True
Is 148 a multiple of 34?
False
Is 44 a factor of 4665?
False
Is 10 a factor of 759?
False
Is 27 a factor of 162?
True
Is 551 a multiple of 6?
False
Is 94 a multiple of 5?
False
Is 48 a factor of 275?
False
Is 16945 a multiple of 103?
False
Is 47546 a multiple of 218?
False
Is 52186 a multiple of 40?
False
Is 518 a multiple of 14?
True
Does 41 divide 697?
True
Is 654 a multiple of 9?
False
Does 100 divide 5000?
True
Is 67 a factor of 20922?
False
Does 6 divide 4019?
False
Is 280 a multiple of 40?
True
Is 12 a factor of 2592?
True
Is 21 a factor of 4767?
True
Does 13 divide 107412?
False
Is 778 a multiple of 28?
False
Is 915 a multiple of 34?
False
Is 73 a multiple of 4?
False
Does 2 divide 226?
True
Does 12 divide 3888?
True
Is 25 a factor of 5075?
True
Is 276 a multiple of 18?
False
Is 238 a multiple of 24?
False
Is 37 a factor of 8963?
False
Is 12 a factor of 642?
False
Does 20 divide 2124?
False
Is 6181 a multiple of 55?
False
Is 24 a factor of 1589?
False
Is 96940 a multiple of 370?
True
Does 26 divide 13832?
True
Is 18 a factor of 14615?
False
Is 415 a multiple of 7?
False
Is 73632 a multiple of 236?
True
Is 11 a factor of 4269?
False
Does 20 divide 8851?
False
Does 11 divide 109?
False
Is 12 a factor of 120?
True
Is 7887 a multiple of 33?
True
Is 2 a factor of 2?
True
Is 25 a factor of 1204?
False
Is 9 a factor of 486?
True
Is 158 a factor of 38372?
False
Does 12 divide 5111?
False
Is 4230 a multiple of 6?
True
Is 133 a factor of 6448?
False
Does 7 divide 420?
True
Does 14 divide 31766?
True
Does 17 divide 17935?
True
Is 64 a factor of 12864?
True
Does 29 divide 45907?
True
Does 54 divide 6858?
True
Is 11 a factor of 4443?
False
Is 2 a factor of 152?
True
Is 825 a multiple of 25?
True
Is 18 a factor of 1173?
False
Is 18 a factor of 396?
True
Is 65 a factor of 12561?
False
Is 256 a factor of 64256?
True
Does 9 divide 1247?
False
Does 19 divide 152?
True
Is 811 a multiple of 14?
False
Does 14 divide 40684?
True
Is 67879 a multiple of 94?
False
Is 16 a factor of 279?
False
Is 36 a multiple of 6?
True
Is 1365 a multiple of 13?
True
Does 5 divide 6343?
False
Is 1377 a multiple of 272?
False
Does 109 divide 11227?
True
Is 24 a factor of 23639?
False
Is 2208 a multiple of 12?
True
Does 10 divide 60?
True
Is 27 a factor of 1363?
False
Does 34 divide 3043?
False
Is 27892 a multiple of 76?
True
Is 1147 a multiple of 37?
True
Is 54280 a multiple of 59?
True
Is 5 a factor of 3000?
True
Is 6 a factor of 5314?
False
Is 49 a factor of 437?
False
Does 17 divide 85?
True
Is 23 a factor of 282?
False
Does 24 divide 556?
False
Does 117 divide 3393?
True
Does 15 divide 35340?
True
Does 30 divide 12930?
True
Is 1705 a multiple of 55?
True
Is 19 a factor of 2033?
True
Does 71 divide 9437?
False
Does 356 divide 71025?
False
Does 3 divide 48?
True
Does 10 divide 737?
False
Does 14 divide 8750?
True
Is 122 a multiple of 61?
True
Is 9632 a multiple of 301?
True
Is 2221 a multiple of 17?
False
Does 51 divide 22542?
True
Is 4 a factor of 1412?
True
Is 432 a multiple of 48?
True
Does 4 divide 106?
False
Is 17 a factor of 1647?
False
Is 2779 a multiple of 66?
False
Is 3337 a multiple of 23?
False
Does 30 divide 16041?
False
Is 2575 a multiple of 13?
False
Is 49 a factor of 4998?
True
Does 17 divide 22717?
False
Is 35433 a multiple of 93?
True
Is 41 a factor of 689?
False
Is 53 a factor of 16006?
True
Is 89586 a multiple of 42?
True
Does 77 divide 41677?
False
Is 14 a factor of 812?
True
Is 116 a factor of 9976?
True
Does 13 divide 442?
True
Does 2 divide 1187?
False
Is 15 a factor of 8283?
False
Is 55 a factor of 1485?
True
Does 5 divide 69?
False
Is 104 a factor of 1248?
True
Does 11 divide 34170?
False
Is 252 a multiple of 7?
True
Does 8 divide 368?
True
Is 1946 a multiple of 92?
False
Does 54 divide 4375?
False
Is 30 a factor of 24870?
True
Is 8623 a multiple of 24?
False
Is 76955 a multiple of 104?
False
Is 33 a factor of 1801?
False
Does 225 divide 18507?
False
Is 23 a factor of 23?
True
Is 12444 a multiple of 244?
True
Is 196 a factor of 13563?
False
Is 7 a factor of 379?
False
Does 15 divide 58760?
False
Is 506 a multiple of 23?
True
Is 696 a multiple of 15?
False
Is 5776 a multiple of 40?
False
Is 56 a factor of 2134?
False
Is 22814 a multiple of 53?
False
Is 475 a multiple of 25?
True
Is 257 a factor of 8449?
False
Is 22316 a multiple of 14?
True
Does 99 divide 16284?
False
Is 3 a factor of 300?
True
Is 5 a factor of 441?
False
Does 78 divide 45552?
True
Is 294 a multiple of 14?
True
Is 477 a multiple of 11?
False
Is 37 a factor of 407?
True
Does 10 divide 3640?
True
Is 10381 a multiple of 142?
False
Does 12 divide 339?
False
Does 29 divide 496?
False
Does 4 divide 15500?
True
Does 15 divide 15868?
False
Is 13800 a multiple of 25?
True
Is 147180 a multiple of 132?
True
Is 43809 a multiple of 205?
False
Is 12 a factor of 576?
True
Is 276 a multiple of 27?
False
Is 17268 a multiple of 27?
False
Does 6 divide 63928?
False
Does 12 divide 713?
False
Is 2694 a multiple of 20?
False
Does 7 divide 147?
True
Does 74 divide 16962?
False
Is 27 a factor of 890?
False
Does 90 divide 1440?
True
Does 30 divide 510?
True
Is 110 a factor of 12890?
False
Is 3245 a multiple of 11?
True
Is 1116 a multiple of 12?
True
Is 16134 a multiple of 37?
False
Is 646 a multiple of 38?
True
Does 53 divide 3312?
False
Is 595 a multiple of 35?
True
Is 20 a factor of 128?
False
Does 28 divide 21859?
False
Is 2 a factor of 1254?
True
Is 67 a factor of 6327?
False
Is 4986 a multiple of 44?
False
Is 6930 a multiple of 5?
True
Is 13658 a multiple of 11?
False
Is 708 a multiple of 20?
False
Does 12 divide 3361?
False
Is 168 a multiple of 18?
False
Does 23 divide 759?
True
Is 252 a multiple of 6?
True
Is 53 a factor of 7919?
False
Is 12 a factor of 34464?
True
Does 28 divide 51382?
False
Does 25 divide 5125?
True
Is 27 a factor of 1836?
True
Is 1324 a multiple of 17?
False
Is 1340 a multiple of 20?
True
Is 300 a multiple of 75?
True
Is 95 a factor of 15485?
True
Is 25542 a multiple of 33?
True
Does 14 divide 2880?
False
Is 33 a factor of 3126?
False
Is 80 a factor of 3520?
True
Is 6 a factor of 3912?
True
Does 45 divide 532?
False
Does 5 divide 235?
True
Is 3309 a multiple of 98?
False
Is 209 a factor of 4389?
True
Is 3 a factor of 8874?
True
Is 1984 a multiple of 7?
False
Is 5 a factor of 8440?
True
Is 355 a multiple of 5?
True
Does 57 divide 513?
True
Is 2977 a multiple of 16?
False
Does 19 divide 9005?
False
Is 31292 a multiple of 12?
False
Does 57 divide 16186?
False
Does 54 divide 54?
True
Does 82 divide 7170?
False
Is 280 a multiple of 20?
True
Is 26458 a multiple of 119?